2 + 5*g + 3. Give p(5).
3
Let o(w) = -25*w + 141. What is o(6)?
-9
Let n(o) = 6*o + 89. Give n(-19).
-25
Let a(c) = -4*c + 15. What is a(11)?
-29
Let i(z) = -z**3 + 10*z**2 - 11*z + 5. What is i(9)?
-13
Let n(b) = b**3 - 27*b**2 - 30*b + 53. Calculate n(28).
-3
Let q(v) = -3*v**2 - 19*v - 34. Determine q(-5).
-14
Let r(q) = 3*q - 8. Give r(4).
4
Let r(v) = -v**2 - 7*v + 21. Determine r(-8).
13
Let q(w) = 81*w - 814. Give q(10).
-4
Let r(j) = j**2 + 6*j + 5. Determine r(-6).
5
Let x(z) = z**3 - 14*z**2 + 14*z - 15. Give x(13).
-2
Let p(g) = -2*g**2 + 13*g - 11. Calculate p(5).
4
Let l(h) = h - 19. Give l(9).
-10
Let j(r) = 5*r**2 + 32*r - 4. Determine j(-6).
-16
Let h(u) = u - 16. Calculate h(10).
-6
Let r(w) = -2*w**2 + 23*w + 7. Give r(10).
37
Let a(h) = h**2 + 5*h - 56. Give a(11).
120
Let o(y) = 6*y + 60. What is o(-15)?
-30
Let h(v) = 3*v**2 + 9*v - 65. Give h(7).
145
Let j(u) = u**2 - 21*u + 8. What is j(20)?
-12
Let w(p) = -5*p**2 - 49*p - 39. Give w(-9).
-3
Let c(y) = 8*y - 5. Give c(-3).
-29
Let d(i) = i**2 - 5*i + 5. Give d(6).
11
Let i(x) = -18*x + 98. Give i(6).
-10
Let p(v) = -v**3 + 8*v**2 - 14*v - 2. Calculate p(5).
3
Let w(k) = -k**2 + 10*k - 2. Give w(9).
7
Let i(o) = 2*o**2 + 5*o + 5. Give i(-4).
17
Let l(z) = z + 15. Determine l(-7).
8
Let z(r) = 19*r + 342. Give z(-18).
0
Let r(q) = q + 5. Calculate r(11).
16
Let u(g) = -23*g - 28. Give u(-6).
110
Let h(z) = -z**2 + 18*z + 8. What is h(18)?
8
Let s(d) = d**3 + 2*d**2. Determine s(-1).
1
Let z(f) = -f**3 - 4*f**2 + 3*f + 3. Calculate z(-5).
13
Let a(m) = -2*m**2 + 32*m + 25. Calculate a(17).
-9
Let j(w) = 2*w**2 + 34*w + 22. Give j(-16).
-10
Let i(c) = 4*c - 4. Determine i(4).
12
Let n(c) = c - 15. What is n(7)?
-8
Let j(h) = h**3 - 8*h**2 - 20*h - 6. Give j(10).
-6
Let v(s) = -s**2 - 17*s + 31. Give v(-21).
-53
Let v(l) = -45*l + 627. Calculate v(14).
-3
Let w(h) = h**2 + 10*h + 6. Determine w(-9).
-3
Let c(n) = -4*n + 14. Calculate c(6).
-10
Let h(w) = -7*w + 67. What is h(9)?
4
Let a(l) = l**2 - 11*l - 5. What is a(-8)?
147
Let v(q) = 2*q**3 + q**2 - q - 2. Calculate v(-2).
-12
Let h(p) = -9*p + 4. What is h(4)?
-32
Let t(v) = 3*v - 3. Calculate t(9).
24
Let v(p) = -p**3 - 5*p**2 + 2*p + 3. Calculate v(-6).
27
Let h(o) = -o**3 + 3*o**2 + 20*o - 3. Give h(7).
-59
Let w(c) = -3*c**2 + 25*c - 23. What is w(7)?
5
Let z(q) = q**3 + 12*q**2 + 10*q - 13. Calculate z(-11).
-2
Let u(s) = s**3 + 7*s**2 - s - 11. Calculate u(-5).
44
Let k(m) = m**3 + 8*m**2 + 13*m + 335. Determine k(-10).
5
Let q(h) = -2*h**2 + 3*h - 8. Give q(7).
-85
Let h(v) = -28*v**3 - v. Give h(-1).
29
Let p(w) = -w**3 - 4*w**2 - 7. Determine p(-5).
18
Let h(o) = 4*o - 33. What is h(3)?
-21
Let t(s) = -s**3 + 7*s**2 - 5*s. Calculate t(6).
6
Let c(z) = 8*z + 44. Calculate c(-5).
4
Let u(n) = -4*n**2 + 184*n - 14. What is u(46)?
-14
Let a(t) = t**2 + 10*t - 12. Determine a(-10).
-12
Let c(p) = -80*p - 640. What is c(-8)?
0
Let u(n) = -n - 11. What is u(-5)?
-6
Let z(r) = r**3 + 8*r**2 + 15*r - 14. Give z(-6).
-32
Let t(f) = -2*f + 12. Determine t(-5).
22
Let y(c) = -47*c + 366. Give y(8).
-10
Let a(l) = -l**3 + 10*l**2 + 12*l - 14. What is a(11)?
-3
Let b(m) = m - 5. Determine b(8).
3
Let h(p) = 20*p - 105. Calculate h(5).
-5
Let i(f) = f**3 + 7*f**2 + 7*f. Determine i(-6).
-6
Let p(a) = a**3 - 5*a**2 - 10*a + 52. What is p(5)?
2
Let x(u) = 19*u + 8. Determine x(0).
8
Let o(x) = -x - 5. Determine o(-12).
7
Let z(f) = -76*f. Calculate z(-1).
76
Let x(l) = l**3 - 7*l**2 - 8*l + 7. What is x(8)?
7
Let y(u) = -u + 4. Determine y(15).
-11
Let u(o) = o + 4. Calculate u(-9).
-5
Let h(f) = -f**3 - 18*f**2 - 17*f + 18. Calculate h(-17).
18
Let g(l) = -15*l + 526. Give g(34).
16
Let f(r) = -r**3 + r**2 + 46. What is f(0)?
46
Let m(l) = -l**3 - 6*l**2 - l + 7. Give m(-6).
13
Let s(r) = -r**3 - 3*r**2 + 3*r - 7. Give s(-5).
28
Let l(x) = 9*x**3 - 2*x**2. Determine l(-2).
-80
Let p(k) = k**2 + 3*k - 4. Calculate p(3).
14
Let r(h) = -2*h**2 - 29*h + 40. What is r(-16)?
-8
Let g(s) = -2*s + 1. Give g(-2).
5
Let d(q) = -2*q**3 + 9*q**2 - 3*q - 10. Give d(4).
-6
Let z(a) = -4*a. Determine z(-4).
16
Let y(f) = -3*f**3 + 30*f**2 - 10*f - 22. Determine y(9).
131
Let l(v) = -14*v - 75. Determine l(-6).
9
Let v(r) = 18*r + 126. What is v(-7)?
0
Let n(w) = -w**3 - 5*w**2 - 2*w - 1. Give n(-4).
-9
Let h(d) = -d**3 + 6*d**2 + 6*d + 2. Give h(7).
-5
Let d(j) = -5*j**2 + 4*j - 7. What is d(4)?
-71
Let s(t) = -t**2 - 10*t + 49. Calculate s(4).
-7
Let n(y) = y**2 + 4*y + 8. Give n(-5).
13
Let h(n) = n**3 + 8*n**2 - 2*n - 15. Calculate h(-8).
1
Let z(v) = -2*v**2 + 51*v + 52. What is z(27)?
-29
Let b(l) = -3*l**2 + 14*l - 46. What is b(4)?
-38
Let n(f) = -f**3 + 2*f**2 + f + 8. Give n(3).
2
Let c(m) = -m**3 + 8*m**2 - 6*m + 24. Calculate c(8).
-24
Let k(o) = -o**3 + 11*o**2 - 20*o + 8. Calculate k(9).
-10
Let z(w) = -w**3 + 9*w**2 - 2*w - 1. What is z(9)?
-19
Let q(r) = r**3 - 6*r**2 - 22*r + 11. Calculate q(9).
56
Let v(a) = a**2 + 12*a + 25. Give v(-10).
5
Let q(x) = -x**2 - 9*x + 17. Calculate q(-12).
-19
Let u(f) = f**3 + 13*f**2 - 26*f + 101. What is u(-15)?
41
Let y(i) = -4*i**3 + i**2 + 2*i. What is y(-2)?
32
Let g(y) = -y**2 - 7*y - 23. What is g(-6)?
-17
Let u(i) = -i**2 + i - 7. Give u(-6).
-49
Let z(s) = 7*s + 18. Give z(-4).
-10
Let a(p) = -p**3 + 5*p**2 - 3*p + 5. Calculate a(4).
9
Let u(i) = -20*i**2 + i + 1. Determine u(-1).
-20
Let r(i) = i**2 + 20*i + 38. What is r(-19)?
19
Let u(f) = f**3 + 23*f**2 + f + 34. What is u(-23)?
11
Let h(k) = k**2 - 11*k + 8. Calculate h(9).
-10
Let g(d) = -5*d**3 + 4*d**2 - 10*d + 18. What is g(2)?
-26
Let q(x) = x**2 - 6*x - 18. Give q(8).
-2
Let c(h) = -h + 9. What is c(-3)?
12
Let t(h) = -10*h**3 + 2*h**2 + h. What is t(2)?
-70
Let r(i) = -i**2 + 3*i + 16. Determine r(7).
-12
Let x(w) = -13*w - 316. Calculate x(-24).
-4
Let s(k) = -21*k**2 + 419*k + 28. Give s(20).
8
Let g(q) = q**2 + 12*q + 3. Calculate g(-7).
-32
Let h(y) = 18*y**2 + 1. What is h(1)?
19
Let d(s) = -17*s + 759. Give d(45).
-6
Let r(k) = -2*k**3 + k**2 - 6*k + 10. Determine r(2).
-14
Let b(w) = 43*w + 168. Give b(-4).
-4
Let c(b) = 58*b + 408. Calculate c(-7).
2
Let n(q) = -q**3 - 13*q**2 - 13*q - 11. Determine n(-12).
1
Let k(d) = -d**2 + d + 6. Calculate k(0).
6
Let z(u) = -6*u + 14. What is z(-13)?
92
Let z(c) = 5*c + 81. Give z(-17).
-4
Let p(y) = 9*y**2 - 7*y - 8. Determine p(-1).
8
Let r(w) = -w**2 - 21*w + 139. What is r(5)?
9
Let n(i) = 3*i - 39. Give n(8).
-15
Let h(x) = -x**2 - 29*x - 69. What is h(-25)?
31
Let d(g) = 76*g**2 + 2*g + 1. What is d(1)?
79
Let y(p) = -6*p + 76. What is y(23)?
-62
Let u(g) = -17*g - 24. Give u(-5).
61
Let i(m) = m**2 + 14*m - 66. Calculate i(-18).
6
Let g(f) = f**3 + 13*f**2 + 36*f + 3. Give g(-9).
3
Let b(q) = 2*q**3 + 7*q**2 + 7*q + 7. What is b(-4)?
-37
Let y(v) = -15*v - 24. Calculate y(-2).
6
Let b(z) = z - 22. Determine b(-15).
-37
Let m(p) = 5*p - 53. Calculate m(17).
32
Let y(k) = 2*k**3 - 9*k**2 + 4*k - 6. Calculate y(4).
-6
Let z(c) = 7*c**2 - 2. What is z(-2)?
26
Let k(o) = 7*o**2 + 98*o + 4. What is k(-14)?
4
Let h(d) = -3*d + 2. Give h(-2).
8
Let f(j) = j + 18. Determine f(-4).
14
Let r(b) = -4*b + 46. What is r(6)?
22
Let m(o) = 9*o**2 + 82*o + 8. Calculate m(-9).
-1
Let g(v) = -5*v**2 - v + 1. Determine g(2).
-21
Let a(d) = 3*d**2 + 5*d + 2. What is a(-3)?
14
Let f(v) = 19*v**3 + 3*v**2 + 3*v. Determine f(-1).
-19
Let p(z) = z**3 + 3*z**2 - 4*z - 6. What is p(-4)?
-6
Let c(o) = -13*o**2 + 9*o + 28. Calculate c(-3).
-116
Let h(k) = 2*k**3 + 41*k**2 - 19*k + 42. Determine h(-21).
0
Let p(u) = 11*u**2 + 1. Give p(-1).
12
Let d(h) = -h**2 - h + 16. What is d(0)?
16
Let m(p) = -15*p - 8. Give m(4).
-68
Let k(u) = 6*u + 7. Determine k(-2).
-5
Let q(j) = j**3 - 2*j**2 + 2*j. Give q(3).
15
Let m(q) = -q**3 - 20*q**2 + 20*q + 15. Calculate m(-21).
36
Let u(t) = 2*t**2 + 16*t + 15. Calculate u(-6).
-9
Let h(x) = -x**3 + 2*x**2 + 22*x + 2. What is h(-4)?
10
Let t(l) = -2*l**2 - 71*l + 46. Calculate t(-36).
10
Let h(p) = 15*p**2 - 2*p + 2. What is h(1)?
15
Let r(b) = -b + 14. Give r(7).
7
Let a(f) = f**2 + 12*f + 9. Give a(-7).
-26
Let l(v) = v**3 - 8*v**2 - 6*v + 2. What is l(9)?
29
Let r(i) = i**2 - 11*i + 20. Calculate r(6).
-10
Let c(u) = u**2 + 2*u + 3. What is c(-4)?
11
Let